[INFO] cloning repository https://github.com/chrismoos/ili9486-driver
[INFO] running `Command { std: "git" "-c" "credential.helper=" "-c" "credential.helper=/workspace/cargo-home/bin/git-credential-null" "clone" "--bare" "https://github.com/chrismoos/ili9486-driver" "/workspace/cache/git-repos/https%3A%2F%2Fgithub.com%2Fchrismoos%2Fili9486-driver", kill_on_drop: false }`
[INFO] [stderr] Cloning into bare repository '/workspace/cache/git-repos/https%3A%2F%2Fgithub.com%2Fchrismoos%2Fili9486-driver'...
[INFO] running `Command { std: "git" "rev-parse" "HEAD", kill_on_drop: false }`
[INFO] [stdout] 9a7cdd099f11714cbd2c655be9aa3ceb1dffa94f
[INFO] checking chrismoos/ili9486-driver against master#af3c6e733a40e671550e0f0f5aeecaa13772ba56 for pr-74989
[INFO] running `Command { std: "git" "clone" "/workspace/cache/git-repos/https%3A%2F%2Fgithub.com%2Fchrismoos%2Fili9486-driver" "/workspace/builds/worker-8/source", kill_on_drop: false }`
[INFO] [stderr] Cloning into '/workspace/builds/worker-8/source'...
[INFO] [stderr] done.
[INFO] validating manifest of git repo https://github.com/chrismoos/ili9486-driver on toolchain af3c6e733a40e671550e0f0f5aeecaa13772ba56
[INFO] running `Command { std: "/workspace/cargo-home/bin/cargo" "+af3c6e733a40e671550e0f0f5aeecaa13772ba56" "read-manifest" "--manifest-path" "Cargo.toml", kill_on_drop: false }`
[INFO] removed /workspace/builds/worker-8/source/.cargo/config
[INFO] started tweaking git repo https://github.com/chrismoos/ili9486-driver
[INFO] finished tweaking git repo https://github.com/chrismoos/ili9486-driver
[INFO] tweaked toml for git repo https://github.com/chrismoos/ili9486-driver written to /workspace/builds/worker-8/source/Cargo.toml
[INFO] crate git repo https://github.com/chrismoos/ili9486-driver already has a lockfile, it will not be regenerated
[INFO] running `Command { std: "/workspace/cargo-home/bin/cargo" "+af3c6e733a40e671550e0f0f5aeecaa13772ba56" "fetch" "--locked" "--manifest-path" "Cargo.toml", kill_on_drop: false }`
[INFO] [stderr]     Blocking waiting for file lock on package cache
[INFO] [stderr]     Blocking waiting for file lock on package cache
[INFO] running `Command { std: "docker" "create" "-v" "/var/lib/crater-agent-workspace/builds/worker-8/target:/opt/rustwide/target:rw,Z" "-v" "/var/lib/crater-agent-workspace/builds/worker-8/source:/opt/rustwide/workdir:ro,Z" "-v" "/var/lib/crater-agent-workspace/cargo-home:/opt/rustwide/cargo-home:ro,Z" "-v" "/var/lib/crater-agent-workspace/rustup-home:/opt/rustwide/rustup-home:ro,Z" "-e" "SOURCE_DIR=/opt/rustwide/workdir" "-e" "CARGO_TARGET_DIR=/opt/rustwide/target" "-e" "CARGO_HOME=/opt/rustwide/cargo-home" "-e" "RUSTUP_HOME=/opt/rustwide/rustup-home" "-w" "/opt/rustwide/workdir" "-m" "1610612736" "--user" "0:0" "--network" "none" "rustops/crates-build-env@sha256:d92eaeed33fa75130ca1ee6c8a01d1ffb62bac859dfdfb3450e3e5d1c0146529" "/opt/rustwide/cargo-home/bin/cargo" "+af3c6e733a40e671550e0f0f5aeecaa13772ba56" "metadata" "--no-deps" "--format-version=1", kill_on_drop: false }`
[INFO] [stdout] c98a6c449cdc64ae9fa083a649efd0a2d3373cdd49dc62272c139670e596b316
[INFO] [stderr] WARNING: Your kernel does not support swap limit capabilities or the cgroup is not mounted. Memory limited without swap.
[INFO] running `Command { std: "docker" "start" "-a" "c98a6c449cdc64ae9fa083a649efd0a2d3373cdd49dc62272c139670e596b316", kill_on_drop: false }`
[INFO] running `Command { std: "docker" "inspect" "c98a6c449cdc64ae9fa083a649efd0a2d3373cdd49dc62272c139670e596b316", kill_on_drop: false }`
[INFO] running `Command { std: "docker" "rm" "-f" "c98a6c449cdc64ae9fa083a649efd0a2d3373cdd49dc62272c139670e596b316", kill_on_drop: false }`
[INFO] [stdout] c98a6c449cdc64ae9fa083a649efd0a2d3373cdd49dc62272c139670e596b316
[INFO] running `Command { std: "docker" "create" "-v" "/var/lib/crater-agent-workspace/builds/worker-8/target:/opt/rustwide/target:rw,Z" "-v" "/var/lib/crater-agent-workspace/builds/worker-8/source:/opt/rustwide/workdir:ro,Z" "-v" "/var/lib/crater-agent-workspace/cargo-home:/opt/rustwide/cargo-home:ro,Z" "-v" "/var/lib/crater-agent-workspace/rustup-home:/opt/rustwide/rustup-home:ro,Z" "-e" "SOURCE_DIR=/opt/rustwide/workdir" "-e" "CARGO_TARGET_DIR=/opt/rustwide/target" "-e" "CARGO_INCREMENTAL=0" "-e" "RUST_BACKTRACE=full" "-e" "RUSTFLAGS=--cap-lints=forbid" "-e" "CARGO_HOME=/opt/rustwide/cargo-home" "-e" "RUSTUP_HOME=/opt/rustwide/rustup-home" "-w" "/opt/rustwide/workdir" "-m" "1610612736" "--user" "0:0" "--network" "none" "rustops/crates-build-env@sha256:d92eaeed33fa75130ca1ee6c8a01d1ffb62bac859dfdfb3450e3e5d1c0146529" "/opt/rustwide/cargo-home/bin/cargo" "+af3c6e733a40e671550e0f0f5aeecaa13772ba56" "check" "--frozen" "--all" "--all-targets" "--message-format=json", kill_on_drop: false }`
[INFO] [stdout] 337aab0cab80ad1192780fe14870904fef42f012a4c2f3beff76c376b4c91219
[INFO] [stderr] WARNING: Your kernel does not support swap limit capabilities or the cgroup is not mounted. Memory limited without swap.
[INFO] running `Command { std: "docker" "start" "-a" "337aab0cab80ad1192780fe14870904fef42f012a4c2f3beff76c376b4c91219", kill_on_drop: false }`
[INFO] [stderr]    Compiling byteorder v1.3.4
[INFO] [stderr]    Compiling version_check v0.9.2
[INFO] [stderr]    Compiling memchr v2.3.3
[INFO] [stderr]     Checking nb v1.0.0
[INFO] [stderr]     Checking void v1.0.2
[INFO] [stderr]     Checking display-interface v0.4.0 (https://github.com/chrismoos/display-interface?branch=rw-interface#f65344a3)
[INFO] [stderr]     Checking no-std-compat v0.4.0
[INFO] [stderr]     Checking byte-slice-cast v0.3.5
[INFO] [stderr]     Checking numtoa v0.2.3
[INFO] [stderr]     Checking nb v0.1.3
[INFO] [stderr]     Checking embedded-hal v0.2.4
[INFO] [stderr]    Compiling nom v5.1.2
[INFO] [stderr]     Checking display-interface-spi v0.4.0 (https://github.com/chrismoos/display-interface?branch=rw-interface#f65344a3)
[INFO] [stderr]     Checking embedded-graphics v0.6.2
[INFO] [stderr]     Checking ili9486-driver v0.1.0 (/opt/rustwide/workdir)
[INFO] [stdout] warning: unreachable pattern
[INFO] [stdout]   --> src/lib.rs:69:13
[INFO] [stdout]    |
[INFO] [stdout] 69 |             _ => Err(DisplayError::InvalidFormatError),
[INFO] [stdout]    |             ^
[INFO] [stdout]    |
[INFO] [stdout]    = note: `#[warn(unreachable_patterns)]` on by default
[INFO] [stdout] 
[INFO] [stdout] 
[INFO] [stderr]     Checking tinytga v0.3.2
[INFO] [stdout] warning: unused `core::result::Result` that must be used
[INFO] [stdout]    --> src/gpio/gpio16.rs:487:21
[INFO] [stdout]     |
[INFO] [stdout] 487 |                     wrx.set_low();
[INFO] [stdout]     |                     ^^^^^^^^^^^^^^
[INFO] [stdout]     |
[INFO] [stdout]     = note: `#[warn(unused_must_use)]` on by default
[INFO] [stdout]     = note: this `Result` may be an `Err` variant, which should be handled
[INFO] [stdout] 
[INFO] [stdout] 
[INFO] [stdout] warning: unused `core::result::Result` that must be used
[INFO] [stdout]    --> src/gpio/gpio16.rs:504:21
[INFO] [stdout]     |
[INFO] [stdout] 504 |                     wrx.set_high();
[INFO] [stdout]     |                     ^^^^^^^^^^^^^^^
[INFO] [stdout]     |
[INFO] [stdout]     = note: this `Result` may be an `Err` variant, which should be handled
[INFO] [stdout] 
[INFO] [stdout] 
[INFO] [stdout] warning: unused `core::result::Result` that must be used
[INFO] [stdout]    --> src/gpio/gpio18.rs:529:21
[INFO] [stdout]     |
[INFO] [stdout] 529 |                     wrx.set_low();
[INFO] [stdout]     |                     ^^^^^^^^^^^^^^
[INFO] [stdout]     |
[INFO] [stdout]     = note: this `Result` may be an `Err` variant, which should be handled
[INFO] [stdout] 
[INFO] [stdout] 
[INFO] [stdout] warning: unused `core::result::Result` that must be used
[INFO] [stdout]    --> src/gpio/gpio18.rs:548:21
[INFO] [stdout]     |
[INFO] [stdout] 548 |                     wrx.set_high();
[INFO] [stdout]     |                     ^^^^^^^^^^^^^^^
[INFO] [stdout]     |
[INFO] [stdout]     = note: this `Result` may be an `Err` variant, which should be handled
[INFO] [stdout] 
[INFO] [stdout] 
[INFO] [stdout] warning: unused `core::result::Result` that must be used
[INFO] [stdout]    --> src/gpio/gpio8.rs:224:21
[INFO] [stdout]     |
[INFO] [stdout] 224 |                     wrx.set_low();
[INFO] [stdout]     |                     ^^^^^^^^^^^^^^
[INFO] [stdout]     |
[INFO] [stdout]     = note: this `Result` may be an `Err` variant, which should be handled
[INFO] [stdout] 
[INFO] [stdout] 
[INFO] [stdout] warning: unused `core::result::Result` that must be used
[INFO] [stdout]    --> src/gpio/gpio8.rs:233:21
[INFO] [stdout]     |
[INFO] [stdout] 233 |                     wrx.set_high();
[INFO] [stdout]     |                     ^^^^^^^^^^^^^^^
[INFO] [stdout]     |
[INFO] [stdout]     = note: this `Result` may be an `Err` variant, which should be handled
[INFO] [stdout] 
[INFO] [stdout] 
[INFO] [stdout] warning: 7 warnings emitted
[INFO] [stdout] 
[INFO] [stdout] 
[INFO] [stdout] error[E0463]: can't find crate for `panic_semihosting`
[INFO] [stdout]   --> examples/full.rs:31:1
[INFO] [stdout]    |
[INFO] [stdout] 31 | extern crate panic_semihosting;
[INFO] [stdout]    | ^^^^^^^^^^^^^^^^^^^^^^^^^^^^^^^ can't find crate
[INFO] [stdout] 
[INFO] [stdout] 
[INFO] [stdout] error[E0463]: can't find crate for `panic_semihosting`
[INFO] [stdout]   --> examples/benchmark.rs:30:1
[INFO] [stdout]    |
[INFO] [stdout] 30 | extern crate panic_semihosting;
[INFO] [stdout]    | ^^^^^^^^^^^^^^^^^^^^^^^^^^^^^^^ can't find crate
[INFO] [stdout] 
[INFO] [stdout] 
[INFO] [stdout] error[E0463]: can't find crate for `panic_semihosting`
[INFO] [stdout]   --> examples/hello_world.rs:25:1
[INFO] [stdout]    |
[INFO] [stdout] 25 | extern crate panic_semihosting;
[INFO] [stdout]    | ^^^^^^^^^^^^^^^^^^^^^^^^^^^^^^^ can't find crate
[INFO] [stdout] 
[INFO] [stdout] 
[INFO] [stdout] error[E0463]: can't find crate for `panic_semihosting`
[INFO] [stdout]   --> examples/output_only.rs:26:1
[INFO] [stdout]    |
[INFO] [stdout] 26 | extern crate panic_semihosting;
[INFO] [stdout]    | ^^^^^^^^^^^^^^^^^^^^^^^^^^^^^^^ can't find crate
[INFO] [stdout] 
[INFO] [stdout] 
[INFO] [stdout] error: aborting due to previous error
[INFO] [stdout] 
[INFO] [stdout] 
[INFO] [stdout] For more information about this error, try `rustc --explain E0463`.
[INFO] [stdout] 
[INFO] [stdout] error: aborting due to previous error
[INFO] [stdout] 
[INFO] [stdout] 
[INFO] [stdout] For more information about this error, try `rustc --explain E0463`.
[INFO] [stdout] 
[INFO] [stdout] error: aborting due to previous error
[INFO] [stdout] 
[INFO] [stdout] 
[INFO] [stdout] For more information about this error, try `rustc --explain E0463`.
[INFO] [stdout] 
[INFO] [stdout] error: aborting due to previous error
[INFO] [stdout] 
[INFO] [stdout] 
[INFO] [stdout] For more information about this error, try `rustc --explain E0463`.
[INFO] [stdout] 
[INFO] [stderr] error: could not compile `ili9486-driver`.
[INFO] [stderr] 
[INFO] [stderr] To learn more, run the command again with --verbose.
[INFO] [stderr] warning: build failed, waiting for other jobs to finish...
[INFO] [stdout] error[E0463]: can't find crate for `panic_semihosting`
[INFO] [stdout]   --> examples/spi.rs:28:1
[INFO] [stdout]    |
[INFO] [stdout] 28 | extern crate panic_semihosting;
[INFO] [stdout]    | ^^^^^^^^^^^^^^^^^^^^^^^^^^^^^^^ can't find crate
[INFO] [stdout] 
[INFO] [stdout] 
[INFO] [stdout] error: aborting due to previous error
[INFO] [stdout] 
[INFO] [stdout] 
[INFO] [stdout] For more information about this error, try `rustc --explain E0463`.
[INFO] [stdout] 
[INFO] [stdout] warning: unreachable pattern
[INFO] [stdout]   --> src/lib.rs:69:13
[INFO] [stdout]    |
[INFO] [stdout] 69 |             _ => Err(DisplayError::InvalidFormatError),
[INFO] [stdout]    |             ^
[INFO] [stdout]    |
[INFO] [stdout]    = note: `#[warn(unreachable_patterns)]` on by default
[INFO] [stdout] 
[INFO] [stdout] 
[INFO] [stdout] warning: unused `core::result::Result` that must be used
[INFO] [stdout]    --> src/gpio/gpio16.rs:487:21
[INFO] [stdout]     |
[INFO] [stdout] 487 |                     wrx.set_low();
[INFO] [stdout]     |                     ^^^^^^^^^^^^^^
[INFO] [stdout]     |
[INFO] [stdout]     = note: `#[warn(unused_must_use)]` on by default
[INFO] [stdout]     = note: this `Result` may be an `Err` variant, which should be handled
[INFO] [stdout] 
[INFO] [stdout] 
[INFO] [stdout] warning: unused `core::result::Result` that must be used
[INFO] [stdout]    --> src/gpio/gpio16.rs:504:21
[INFO] [stdout]     |
[INFO] [stdout] 504 |                     wrx.set_high();
[INFO] [stdout]     |                     ^^^^^^^^^^^^^^^
[INFO] [stdout]     |
[INFO] [stdout]     = note: this `Result` may be an `Err` variant, which should be handled
[INFO] [stdout] 
[INFO] [stdout] 
[INFO] [stdout] warning: unused `core::result::Result` that must be used
[INFO] [stdout]    --> src/gpio/gpio18.rs:529:21
[INFO] [stdout]     |
[INFO] [stdout] 529 |                     wrx.set_low();
[INFO] [stdout]     |                     ^^^^^^^^^^^^^^
[INFO] [stdout]     |
[INFO] [stdout]     = note: this `Result` may be an `Err` variant, which should be handled
[INFO] [stdout] 
[INFO] [stdout] 
[INFO] [stdout] warning: unused `core::result::Result` that must be used
[INFO] [stdout]    --> src/gpio/gpio18.rs:548:21
[INFO] [stdout]     |
[INFO] [stdout] 548 |                     wrx.set_high();
[INFO] [stdout]     |                     ^^^^^^^^^^^^^^^
[INFO] [stdout]     |
[INFO] [stdout]     = note: this `Result` may be an `Err` variant, which should be handled
[INFO] [stdout] 
[INFO] [stdout] 
[INFO] [stdout] warning: unused `core::result::Result` that must be used
[INFO] [stdout]    --> src/gpio/gpio8.rs:224:21
[INFO] [stdout]     |
[INFO] [stdout] 224 |                     wrx.set_low();
[INFO] [stdout]     |                     ^^^^^^^^^^^^^^
[INFO] [stdout]     |
[INFO] [stdout]     = note: this `Result` may be an `Err` variant, which should be handled
[INFO] [stdout] 
[INFO] [stdout] 
[INFO] [stdout] warning: unused `core::result::Result` that must be used
[INFO] [stdout]    --> src/gpio/gpio8.rs:233:21
[INFO] [stdout]     |
[INFO] [stdout] 233 |                     wrx.set_high();
[INFO] [stdout]     |                     ^^^^^^^^^^^^^^^
[INFO] [stdout]     |
[INFO] [stdout]     = note: this `Result` may be an `Err` variant, which should be handled
[INFO] [stdout] 
[INFO] [stdout] 
[INFO] [stdout] warning: 7 warnings emitted
[INFO] [stdout] 
[INFO] [stdout] 
[INFO] [stderr] error: build failed
[INFO] running `Command { std: "docker" "inspect" "337aab0cab80ad1192780fe14870904fef42f012a4c2f3beff76c376b4c91219", kill_on_drop: false }`
[INFO] running `Command { std: "docker" "rm" "-f" "337aab0cab80ad1192780fe14870904fef42f012a4c2f3beff76c376b4c91219", kill_on_drop: false }`
[INFO] [stdout] 337aab0cab80ad1192780fe14870904fef42f012a4c2f3beff76c376b4c91219
